{"id":2015,"date":"2023-04-10T23:31:25","date_gmt":"2023-04-11T02:31:25","guid":{"rendered":"https:\/\/vgfmaquinas.com.br\/index\/?post_type=product&#038;p=2015"},"modified":"2026-03-31T20:33:58","modified_gmt":"2026-03-31T23:33:58","slug":"fritadeira-7l","status":"publish","type":"product","link":"https:\/\/vgfmaquinas.com.br\/index\/produto\/fritadeira-7l\/","title":{"rendered":"Fritadeira 7L"},"content":{"rendered":"<p style=\"text-align: left\">Fritadeira a resist\u00eancia com controle de temperatura<br \/>\nEquipamento de simples manuseio<br \/>\nParte interna de alum\u00ednio e externo de inox.<\/p>\n<p>Obtenha a perfei\u00e7\u00e3o em seus salgados com autonomia e facilidade em seu dia a dia.<\/p>\n<p><strong>Capacidade de at\u00e9 5 lts de \u00f3leo<\/strong><\/p>\n","protected":false},"excerpt":{"rendered":"<p>Fritadeira a resist\u00eancia com controle de temperatura Equipamento de simples manuseio Parte interna de alum\u00ednio e externo de inox. Obtenha a perfei\u00e7\u00e3o em seus salgados com<span class=\"excerpt-hellip\"> [\u2026]<\/span><\/p>\n","protected":false},"featured_media":2016,"template":"","meta":{"_joinchat":[]},"product_brand":[],"product_cat":[73],"product_tag":[],"class_list":{"0":"post-2015","1":"product","2":"type-product","3":"status-publish","4":"has-post-thumbnail","6":"product_cat-fritadeiras","8":"first","9":"instock","10":"shipping-taxable","11":"product-type-simple"},"_links":{"self":[{"href":"https:\/\/vgfmaquinas.com.br\/index\/wp-json\/wp\/v2\/product\/2015","targetHints":{"allow":["GET"]}}],"collection":[{"href":"https:\/\/vgfmaquinas.com.br\/index\/wp-json\/wp\/v2\/product"}],"about":[{"href":"https:\/\/vgfmaquinas.com.br\/index\/wp-json\/wp\/v2\/types\/product"}],"wp:featuredmedia":[{"embeddable":true,"href":"https:\/\/vgfmaquinas.com.br\/index\/wp-json\/wp\/v2\/media\/2016"}],"wp:attachment":[{"href":"https:\/\/vgfmaquinas.com.br\/index\/wp-json\/wp\/v2\/media?parent=2015"}],"wp:term":[{"taxonomy":"product_brand","embeddable":true,"href":"https:\/\/vgfmaquinas.com.br\/index\/wp-json\/wp\/v2\/product_brand?post=2015"},{"taxonomy":"product_cat","embeddable":true,"href":"https:\/\/vgfmaquinas.com.br\/index\/wp-json\/wp\/v2\/product_cat?post=2015"},{"taxonomy":"product_tag","embeddable":true,"href":"https:\/\/vgfmaquinas.com.br\/index\/wp-json\/wp\/v2\/product_tag?post=2015"}],"curies":[{"name":"wp","href":"https:\/\/api.w.org\/{rel}","templated":true}]}}